{"id":3097,"date":"2022-09-27T06:53:27","date_gmt":"2022-09-27T06:53:27","guid":{"rendered":"https:\/\/elevage-boisblancval.com\/boutique\/?post_type=product&#038;p=3097"},"modified":"2025-10-01T09:47:34","modified_gmt":"2025-10-01T09:47:34","slug":"kong-chien-aqua-avec-corde","status":"publish","type":"product","link":"https:\/\/elevage-boisblancval.com\/boutique\/product\/kong-chien-aqua-avec-corde\/","title":{"rendered":"KONG Chien Aqua avec corde"},"content":{"rendered":"<p>KONG Aqua chien c\u2019est la forme embl\u00e9matique du KONG Classic avec une corde qui est adapt\u00e9e pour l\u2019entra\u00eenement \u00e0 la r\u00e9cup\u00e9ration dans l\u2019eau. Le jouet KONG Aqua\u00a0est dot\u00e9 d\u2019une\u00a0corde solide\u00a0tr\u00e8s pratique qui vous permettra de le lancer facilement au loin. De plus, la couleur orange de ce jeu KONG permet \u00e0 votre chien de le rep\u00e9rer rapidement dans l\u2019eau.\u00a0Plaisir 100% garanti.<\/p>\n<p>KONG Aqua chien c\u2019est un jeu id\u00e9al pour apprendre le rapport \u00e0 l\u2019eau \u00e0 votre chien et chiot tout en jouant. Ce jouet flottant vous permettra de passer\u00a0des moments complices\u00a0avec votre chien lors de ballades au bord de l\u2019eau.<\/p>\n","protected":false},"excerpt":{"rendered":"<p>KONG Aqua chien c\u2019est la forme embl\u00e9matique du KONG Classic avec une corde qui est adapt\u00e9e pour l\u2019entra\u00eenement \u00e0 la r\u00e9cup\u00e9ration dans l\u2019eau. Le jouet KONG Aqua\u00a0est dot\u00e9 d\u2019une\u00a0corde solide\u00a0tr\u00e8s pratique qui vous permettra de le lancer facilement au loin. De plus, la couleur orange de ce jeu KONG permet \u00e0 votre chien de le rep\u00e9rer rapidement dans l\u2019eau.\u00a0Plaisir 100% garanti.<\/p>\n<p>KONG Aqua chien c\u2019est un jeu id\u00e9al pour apprendre le rapport \u00e0 l\u2019eau \u00e0 votre chien et chiot tout en jouant. Ce jouet flottant vous permettra de passer\u00a0des moments complices\u00a0avec votre chien lors de ballades au bord de l\u2019eau.<\/p>\n","protected":false},"featured_media":3098,"comment_status":"open","ping_status":"closed","template":"","meta":{"_acf_changed":false},"product_cat":[71],"product_tag":[],"acf":[],"yoast_head":"<!-- This site is optimized with the Yoast SEO plugin v21.3 - https:\/\/yoast.com\/wordpress\/plugins\/seo\/ -->\n<title>KONG Chien Aqua avec corde - Boutique Elevage Bois Blanc Val<\/title>\n<meta name=\"robots\" content=\"index, follow, max-snippet:-1, max-image-preview:large, max-video-preview:-1\" \/>\n<link rel=\"canonical\" href=\"https:\/\/elevage-boisblancval.com\/boutique\/product\/kong-chien-aqua-avec-corde\/\" \/>\n<meta property=\"og:locale\" content=\"fr_FR\" \/>\n<meta property=\"og:type\" content=\"article\" \/>\n<meta property=\"og:title\" content=\"KONG Chien Aqua avec corde - Boutique Elevage Bois Blanc Val\" \/>\n<meta property=\"og:description\" content=\"KONG Aqua chien c\u2019est la forme embl\u00e9matique du KONG Classic avec une corde qui est adapt\u00e9e pour l\u2019entra\u00eenement \u00e0 la r\u00e9cup\u00e9ration dans l\u2019eau. Le jouet KONG Aqua\u00a0est dot\u00e9 d\u2019une\u00a0corde solide\u00a0tr\u00e8s pratique qui vous permettra de le lancer facilement au loin. De plus, la couleur orange de ce jeu KONG permet \u00e0 votre chien de le rep\u00e9rer rapidement dans l\u2019eau.\u00a0Plaisir 100% garanti.  KONG Aqua chien c\u2019est un jeu id\u00e9al pour apprendre le rapport \u00e0 l\u2019eau \u00e0 votre chien et chiot tout en jouant. Ce jouet flottant vous permettra de passer\u00a0des moments complices\u00a0avec votre chien lors de ballades au bord de l\u2019eau.\" \/>\n<meta property=\"og:url\" content=\"https:\/\/elevage-boisblancval.com\/boutique\/product\/kong-chien-aqua-avec-corde\/\" \/>\n<meta property=\"og:site_name\" content=\"Boutique Elevage Bois Blanc Val\" \/>\n<meta property=\"article:modified_time\" content=\"2025-10-01T09:47:34+00:00\" \/>\n<meta property=\"og:image\" content=\"https:\/\/elevage-boisblancval.com\/boutique\/wp-content\/uploads\/2022\/09\/Kong-Aqua-Jeux-Chien-Super-Croquettes.jpg\" \/>\n\t<meta property=\"og:image:width\" content=\"1200\" \/>\n\t<meta property=\"og:image:height\" content=\"1200\" \/>\n\t<meta property=\"og:image:type\" content=\"image\/jpeg\" \/>\n<meta name=\"twitter:card\" content=\"summary_large_image\" \/>\n<meta name=\"twitter:label1\" content=\"Dur\u00e9e de lecture estim\u00e9e\" \/>\n\t<meta name=\"twitter:data1\" content=\"1 minute\" \/>\n<script type=\"application\/ld+json\" class=\"yoast-schema-graph\">{\"@context\":\"https:\/\/schema.org\",\"@graph\":[{\"@type\":\"WebPage\",\"@id\":\"https:\/\/elevage-boisblancval.com\/boutique\/product\/kong-chien-aqua-avec-corde\/\",\"url\":\"https:\/\/elevage-boisblancval.com\/boutique\/product\/kong-chien-aqua-avec-corde\/\",\"name\":\"KONG Chien Aqua avec corde - Boutique Elevage Bois Blanc Val\",\"isPartOf\":{\"@id\":\"https:\/\/elevage-boisblancval.com\/boutique\/#website\"},\"datePublished\":\"2022-09-27T06:53:27+00:00\",\"dateModified\":\"2025-10-01T09:47:34+00:00\",\"breadcrumb\":{\"@id\":\"https:\/\/elevage-boisblancval.com\/boutique\/product\/kong-chien-aqua-avec-corde\/#breadcrumb\"},\"inLanguage\":\"fr-FR\",\"potentialAction\":[{\"@type\":\"ReadAction\",\"target\":[\"https:\/\/elevage-boisblancval.com\/boutique\/product\/kong-chien-aqua-avec-corde\/\"]}]},{\"@type\":\"BreadcrumbList\",\"@id\":\"https:\/\/elevage-boisblancval.com\/boutique\/product\/kong-chien-aqua-avec-corde\/#breadcrumb\",\"itemListElement\":[{\"@type\":\"ListItem\",\"position\":1,\"name\":\"Accueil\",\"item\":\"https:\/\/elevage-boisblancval.com\/boutique\/\"},{\"@type\":\"ListItem\",\"position\":2,\"name\":\"Boutique\",\"item\":\"https:\/\/elevage-boisblancval.com\/boutique\/shop\/\"},{\"@type\":\"ListItem\",\"position\":3,\"name\":\"KONG Chien Aqua avec corde\"}]},{\"@type\":\"WebSite\",\"@id\":\"https:\/\/elevage-boisblancval.com\/boutique\/#website\",\"url\":\"https:\/\/elevage-boisblancval.com\/boutique\/\",\"name\":\"Boutique Elevage Bois Blanc Val\",\"description\":\"\",\"potentialAction\":[{\"@type\":\"SearchAction\",\"target\":{\"@type\":\"EntryPoint\",\"urlTemplate\":\"https:\/\/elevage-boisblancval.com\/boutique\/?s={search_term_string}\"},\"query-input\":\"required name=search_term_string\"}],\"inLanguage\":\"fr-FR\"}]}<\/script>\n<!-- \/ Yoast SEO plugin. -->","yoast_head_json":{"title":"KONG Chien Aqua avec corde - Boutique Elevage Bois Blanc Val","robots":{"index":"index","follow":"follow","max-snippet":"max-snippet:-1","max-image-preview":"max-image-preview:large","max-video-preview":"max-video-preview:-1"},"canonical":"https:\/\/elevage-boisblancval.com\/boutique\/product\/kong-chien-aqua-avec-corde\/","og_locale":"fr_FR","og_type":"article","og_title":"KONG Chien Aqua avec corde - Boutique Elevage Bois Blanc Val","og_description":"KONG Aqua chien c\u2019est la forme embl\u00e9matique du KONG Classic avec une corde qui est adapt\u00e9e pour l\u2019entra\u00eenement \u00e0 la r\u00e9cup\u00e9ration dans l\u2019eau. Le jouet KONG Aqua\u00a0est dot\u00e9 d\u2019une\u00a0corde solide\u00a0tr\u00e8s pratique qui vous permettra de le lancer facilement au loin. De plus, la couleur orange de ce jeu KONG permet \u00e0 votre chien de le rep\u00e9rer rapidement dans l\u2019eau.\u00a0Plaisir 100% garanti.  KONG Aqua chien c\u2019est un jeu id\u00e9al pour apprendre le rapport \u00e0 l\u2019eau \u00e0 votre chien et chiot tout en jouant. Ce jouet flottant vous permettra de passer\u00a0des moments complices\u00a0avec votre chien lors de ballades au bord de l\u2019eau.","og_url":"https:\/\/elevage-boisblancval.com\/boutique\/product\/kong-chien-aqua-avec-corde\/","og_site_name":"Boutique Elevage Bois Blanc Val","article_modified_time":"2025-10-01T09:47:34+00:00","og_image":[{"width":1200,"height":1200,"url":"https:\/\/elevage-boisblancval.com\/boutique\/wp-content\/uploads\/2022\/09\/Kong-Aqua-Jeux-Chien-Super-Croquettes.jpg","type":"image\/jpeg"}],"twitter_card":"summary_large_image","twitter_misc":{"Dur\u00e9e de lecture estim\u00e9e":"1 minute"},"schema":{"@context":"https:\/\/schema.org","@graph":[{"@type":"WebPage","@id":"https:\/\/elevage-boisblancval.com\/boutique\/product\/kong-chien-aqua-avec-corde\/","url":"https:\/\/elevage-boisblancval.com\/boutique\/product\/kong-chien-aqua-avec-corde\/","name":"KONG Chien Aqua avec corde - Boutique Elevage Bois Blanc Val","isPartOf":{"@id":"https:\/\/elevage-boisblancval.com\/boutique\/#website"},"datePublished":"2022-09-27T06:53:27+00:00","dateModified":"2025-10-01T09:47:34+00:00","breadcrumb":{"@id":"https:\/\/elevage-boisblancval.com\/boutique\/product\/kong-chien-aqua-avec-corde\/#breadcrumb"},"inLanguage":"fr-FR","potentialAction":[{"@type":"ReadAction","target":["https:\/\/elevage-boisblancval.com\/boutique\/product\/kong-chien-aqua-avec-corde\/"]}]},{"@type":"BreadcrumbList","@id":"https:\/\/elevage-boisblancval.com\/boutique\/product\/kong-chien-aqua-avec-corde\/#breadcrumb","itemListElement":[{"@type":"ListItem","position":1,"name":"Accueil","item":"https:\/\/elevage-boisblancval.com\/boutique\/"},{"@type":"ListItem","position":2,"name":"Boutique","item":"https:\/\/elevage-boisblancval.com\/boutique\/shop\/"},{"@type":"ListItem","position":3,"name":"KONG Chien Aqua avec corde"}]},{"@type":"WebSite","@id":"https:\/\/elevage-boisblancval.com\/boutique\/#website","url":"https:\/\/elevage-boisblancval.com\/boutique\/","name":"Boutique Elevage Bois Blanc Val","description":"","potentialAction":[{"@type":"SearchAction","target":{"@type":"EntryPoint","urlTemplate":"https:\/\/elevage-boisblancval.com\/boutique\/?s={search_term_string}"},"query-input":"required name=search_term_string"}],"inLanguage":"fr-FR"}]}},"_links":{"self":[{"href":"https:\/\/elevage-boisblancval.com\/boutique\/wp-json\/wp\/v2\/product\/3097"}],"collection":[{"href":"https:\/\/elevage-boisblancval.com\/boutique\/wp-json\/wp\/v2\/product"}],"about":[{"href":"https:\/\/elevage-boisblancval.com\/boutique\/wp-json\/wp\/v2\/types\/product"}],"replies":[{"embeddable":true,"href":"https:\/\/elevage-boisblancval.com\/boutique\/wp-json\/wp\/v2\/comments?post=3097"}],"wp:featuredmedia":[{"embeddable":true,"href":"https:\/\/elevage-boisblancval.com\/boutique\/wp-json\/wp\/v2\/media\/3098"}],"wp:attachment":[{"href":"https:\/\/elevage-boisblancval.com\/boutique\/wp-json\/wp\/v2\/media?parent=3097"}],"wp:term":[{"taxonomy":"product_cat","embeddable":true,"href":"https:\/\/elevage-boisblancval.com\/boutique\/wp-json\/wp\/v2\/product_cat?post=3097"},{"taxonomy":"product_tag","embeddable":true,"href":"https:\/\/elevage-boisblancval.com\/boutique\/wp-json\/wp\/v2\/product_tag?post=3097"}],"curies":[{"name":"wp","href":"https:\/\/api.w.org\/{rel}","templated":true}]}}