{"id":1769,"date":"2019-12-17T09:46:42","date_gmt":"2019-12-17T09:46:42","guid":{"rendered":"https:\/\/elevage-boisblancval.com\/boutique\/?post_type=product&#038;p=1769"},"modified":"2026-04-21T17:33:36","modified_gmt":"2026-04-21T17:33:36","slug":"croquette-chat-fish-rice-greenheart-premiums-15-kg","status":"publish","type":"product","link":"https:\/\/elevage-boisblancval.com\/boutique\/product\/croquette-chat-fish-rice-greenheart-premiums-15-kg\/","title":{"rendered":"CROQUETTE CHAT FISH &amp; RICE &#8211; GREENHEART PREMIUMS 10 kg"},"content":{"rendered":"<p><strong>Composition :<\/strong>\u00a0Poulet 47%, riz. Poisson 10 %, graisse de poulet, pommes de terre, sorgho, pois, foie\u00a0de poulet, huile de saumon, betterave, gomme de caroube, pomme, huile de lin.<\/p>\n<p><strong>Donn\u00e9es analytiques :<\/strong>\u00a0Prot\u00e9ines brutes 30,5%, Lipides brutes 17,5%, Celluloses brutes 1,7%, Cendres brutes 6,1%, Calcium (Ca) 1,2%, Phosphore (P) 0,8%, Sodium (Na) 3,7g\/kg,\u00a0Magn\u00e9sium (Mg) 0,9g\/kg, Potassium (K) 6,3g\/kg, Humidit\u00e9 7,5%<\/p>\n<p><strong>Additifs :\u00a0<\/strong>Vit.A 16500 IU\/kg,Vit. D3 1650 IU\/kg, Vit.E 250mg\/kg, Vit.K3 0,8 mg\/kg, Vit.B1 9,8mg\/kg, Vit.B2 8,5 mg\/kg, Niacine 52,5 mg\/kg, Pantoth\u00e9nate de calcium 22,5 mg\/kg, Vit.B6 6 mg\/kg, Vit.B12 45\u00a0\u00b5g\/kg, Biotine 225\u00a0\u00b5g\/kg, Choline 750 mg\/kg, Acide folique 4,5 mg\/kg, Vit.C 20 mg\/kg, Fer (Fe) 100 mg\/kg, Mangan\u00e9se (Mn) 40 mg\/kg, Cuivre (Cu) 5 mg\/kg, Zinc (Zn) 150 mg\/kg, Iode (I) 1 mg\/kg, Cobalt (Co) 1mg\/kg, S\u00e9l\u00e9nium (Se) 0,2 mg\/kg, L-Carnitine 0 mg\/kg, Glucosamine 0%, Chondroitine 0%<\/p>\n<p><strong>Acides amin\u00e9s essentiels :<\/strong>\u00a0Lysine 18,1g\/kg, M\u00e9thionine 6,1g\/kg, Cystine 3,5g\/kg, Tr\u00e9onine 11,8g\/kg, Tryptophane 2,9g\/kg, Taurine 1,6g\/kg, Acide linol\u00e9ique N6 28,4g\/kg, Acide linol\u00e9nique 1,8g\/kg, Alpha-linol\u00e9nique acid n-3 5,3g\/kg, L\u2019acide ara-chidonique n-6 0,4g\/kg, EPA n-3 2,5g\/kg, DHA n-3 2,7g\/kg, Autres glucides 36,7g\/kg, Fraction de prot\u00e9ine 29g\/kg, Valeurs \u00e9nerg\u00e9tiques 4241Kcal\/kg<\/p>\n","protected":false},"excerpt":{"rendered":"<p>Greenheart Premiums\u00a0Catfood Fish &amp; Rice\u00a0&#8211; Aliment complet pour chat.<\/p>\n<p>Croquettes pour chats adultes\u00a0quelque soit leur race, riches en poisson et riz. Recette saine et \u00e9quilibr\u00e9e pauvre en mati\u00e8res grasses et sans gluten pour garantir une bonne digestion. Alimentation enrichie en huile de saumon.<\/p>\n<p>Alimentation pauvre en mati\u00e8res grasses et enrichie d&#8217;huile de saumon\u00a0pour un apport naturel en acides gras om\u00e9ga 3, 6 et 9 (ingr\u00e9dient naturel permet de contribuer au bon fonctionnement articulaire, mais \u00e9galement pour des poils brillants et une app\u00e9tence exceptionnelle).<\/p>\n<p>Recette riche en l\u00e9gumes et fruits comme les pommes, bettraves ou pommes de terre pour un apport en fibres qui facilitera la digestion.<\/p>\n<p>Greenheart-Premiums travaille depuis 1997 pour une alimentation animale innovante, abordable et de haute qualit\u00e9, sans adjonction chimique d\u2019ar\u00f4mes ou de colorants, et avec des antioxydants naturels.<\/p>\n","protected":false},"featured_media":1770,"comment_status":"open","ping_status":"closed","template":"","meta":{"_acf_changed":false},"product_cat":[37],"product_tag":[],"acf":[],"yoast_head":"<!-- This site is optimized with the Yoast SEO plugin v21.3 - https:\/\/yoast.com\/wordpress\/plugins\/seo\/ -->\n<title>CROQUETTE CHAT FISH &amp; RICE - GREENHEART PREMIUMS 10 kg - Boutique Elevage Bois Blanc Val<\/title>\n<meta name=\"robots\" content=\"index, follow, max-snippet:-1, max-image-preview:large, max-video-preview:-1\" \/>\n<link rel=\"canonical\" href=\"https:\/\/elevage-boisblancval.com\/boutique\/product\/croquette-chat-fish-rice-greenheart-premiums-15-kg\/\" \/>\n<meta property=\"og:locale\" content=\"fr_FR\" \/>\n<meta property=\"og:type\" content=\"article\" \/>\n<meta property=\"og:title\" content=\"CROQUETTE CHAT FISH &amp; RICE - GREENHEART PREMIUMS 10 kg - Boutique Elevage Bois Blanc Val\" \/>\n<meta property=\"og:description\" content=\"Greenheart Premiums\u00a0Catfood Fish &amp; Rice\u00a0- Aliment complet pour chat.  Croquettes pour chats adultes\u00a0quelque soit leur race, riches en poisson et riz. Recette saine et \u00e9quilibr\u00e9e pauvre en mati\u00e8res grasses et sans gluten pour garantir une bonne digestion. Alimentation enrichie en huile de saumon.  Alimentation pauvre en mati\u00e8res grasses et enrichie d&#039;huile de saumon\u00a0pour un apport naturel en acides gras om\u00e9ga 3, 6 et 9 (ingr\u00e9dient naturel permet de contribuer au bon fonctionnement articulaire, mais \u00e9galement pour des poils brillants et une app\u00e9tence exceptionnelle).  Recette riche en l\u00e9gumes et fruits comme les pommes, bettraves ou pommes de terre pour un apport en fibres qui facilitera la digestion.  Greenheart-Premiums travaille depuis 1997 pour une alimentation animale innovante, abordable et de haute qualit\u00e9, sans adjonction chimique d\u2019ar\u00f4mes ou de colorants, et avec des antioxydants naturels.\" \/>\n<meta property=\"og:url\" content=\"https:\/\/elevage-boisblancval.com\/boutique\/product\/croquette-chat-fish-rice-greenheart-premiums-15-kg\/\" \/>\n<meta property=\"og:site_name\" content=\"Boutique Elevage Bois Blanc Val\" \/>\n<meta property=\"article:modified_time\" content=\"2026-04-21T17:33:36+00:00\" \/>\n<meta property=\"og:image\" content=\"https:\/\/elevage-boisblancval.com\/boutique\/wp-content\/uploads\/2019\/12\/catfood-with-fish-rice-greenheart-premiums.jpg\" \/>\n\t<meta property=\"og:image:width\" content=\"750\" \/>\n\t<meta property=\"og:image:height\" content=\"1100\" \/>\n\t<meta property=\"og:image:type\" content=\"image\/jpeg\" \/>\n<meta name=\"twitter:card\" content=\"summary_large_image\" \/>\n<meta name=\"twitter:label1\" content=\"Dur\u00e9e de lecture estim\u00e9e\" \/>\n\t<meta name=\"twitter:data1\" content=\"1 minute\" \/>\n<script type=\"application\/ld+json\" class=\"yoast-schema-graph\">{\"@context\":\"https:\/\/schema.org\",\"@graph\":[{\"@type\":\"WebPage\",\"@id\":\"https:\/\/elevage-boisblancval.com\/boutique\/product\/croquette-chat-fish-rice-greenheart-premiums-15-kg\/\",\"url\":\"https:\/\/elevage-boisblancval.com\/boutique\/product\/croquette-chat-fish-rice-greenheart-premiums-15-kg\/\",\"name\":\"CROQUETTE CHAT FISH &amp; RICE - GREENHEART PREMIUMS 10 kg - Boutique Elevage Bois Blanc Val\",\"isPartOf\":{\"@id\":\"https:\/\/elevage-boisblancval.com\/boutique\/#website\"},\"datePublished\":\"2019-12-17T09:46:42+00:00\",\"dateModified\":\"2026-04-21T17:33:36+00:00\",\"breadcrumb\":{\"@id\":\"https:\/\/elevage-boisblancval.com\/boutique\/product\/croquette-chat-fish-rice-greenheart-premiums-15-kg\/#breadcrumb\"},\"inLanguage\":\"fr-FR\",\"potentialAction\":[{\"@type\":\"ReadAction\",\"target\":[\"https:\/\/elevage-boisblancval.com\/boutique\/product\/croquette-chat-fish-rice-greenheart-premiums-15-kg\/\"]}]},{\"@type\":\"BreadcrumbList\",\"@id\":\"https:\/\/elevage-boisblancval.com\/boutique\/product\/croquette-chat-fish-rice-greenheart-premiums-15-kg\/#breadcrumb\",\"itemListElement\":[{\"@type\":\"ListItem\",\"position\":1,\"name\":\"Accueil\",\"item\":\"https:\/\/elevage-boisblancval.com\/boutique\/\"},{\"@type\":\"ListItem\",\"position\":2,\"name\":\"Boutique\",\"item\":\"https:\/\/elevage-boisblancval.com\/boutique\/shop\/\"},{\"@type\":\"ListItem\",\"position\":3,\"name\":\"CROQUETTE CHAT FISH &amp; RICE &#8211; GREENHEART PREMIUMS 10 kg\"}]},{\"@type\":\"WebSite\",\"@id\":\"https:\/\/elevage-boisblancval.com\/boutique\/#website\",\"url\":\"https:\/\/elevage-boisblancval.com\/boutique\/\",\"name\":\"Boutique Elevage Bois Blanc Val\",\"description\":\"\",\"potentialAction\":[{\"@type\":\"SearchAction\",\"target\":{\"@type\":\"EntryPoint\",\"urlTemplate\":\"https:\/\/elevage-boisblancval.com\/boutique\/?s={search_term_string}\"},\"query-input\":\"required name=search_term_string\"}],\"inLanguage\":\"fr-FR\"}]}<\/script>\n<!-- \/ Yoast SEO plugin. -->","yoast_head_json":{"title":"CROQUETTE CHAT FISH &amp; RICE - GREENHEART PREMIUMS 10 kg - Boutique Elevage Bois Blanc Val","robots":{"index":"index","follow":"follow","max-snippet":"max-snippet:-1","max-image-preview":"max-image-preview:large","max-video-preview":"max-video-preview:-1"},"canonical":"https:\/\/elevage-boisblancval.com\/boutique\/product\/croquette-chat-fish-rice-greenheart-premiums-15-kg\/","og_locale":"fr_FR","og_type":"article","og_title":"CROQUETTE CHAT FISH &amp; RICE - GREENHEART PREMIUMS 10 kg - Boutique Elevage Bois Blanc Val","og_description":"Greenheart Premiums\u00a0Catfood Fish &amp; Rice\u00a0- Aliment complet pour chat.  Croquettes pour chats adultes\u00a0quelque soit leur race, riches en poisson et riz. Recette saine et \u00e9quilibr\u00e9e pauvre en mati\u00e8res grasses et sans gluten pour garantir une bonne digestion. Alimentation enrichie en huile de saumon.  Alimentation pauvre en mati\u00e8res grasses et enrichie d'huile de saumon\u00a0pour un apport naturel en acides gras om\u00e9ga 3, 6 et 9 (ingr\u00e9dient naturel permet de contribuer au bon fonctionnement articulaire, mais \u00e9galement pour des poils brillants et une app\u00e9tence exceptionnelle).  Recette riche en l\u00e9gumes et fruits comme les pommes, bettraves ou pommes de terre pour un apport en fibres qui facilitera la digestion.  Greenheart-Premiums travaille depuis 1997 pour une alimentation animale innovante, abordable et de haute qualit\u00e9, sans adjonction chimique d\u2019ar\u00f4mes ou de colorants, et avec des antioxydants naturels.","og_url":"https:\/\/elevage-boisblancval.com\/boutique\/product\/croquette-chat-fish-rice-greenheart-premiums-15-kg\/","og_site_name":"Boutique Elevage Bois Blanc Val","article_modified_time":"2026-04-21T17:33:36+00:00","og_image":[{"width":750,"height":1100,"url":"https:\/\/elevage-boisblancval.com\/boutique\/wp-content\/uploads\/2019\/12\/catfood-with-fish-rice-greenheart-premiums.jpg","type":"image\/jpeg"}],"twitter_card":"summary_large_image","twitter_misc":{"Dur\u00e9e de lecture estim\u00e9e":"1 minute"},"schema":{"@context":"https:\/\/schema.org","@graph":[{"@type":"WebPage","@id":"https:\/\/elevage-boisblancval.com\/boutique\/product\/croquette-chat-fish-rice-greenheart-premiums-15-kg\/","url":"https:\/\/elevage-boisblancval.com\/boutique\/product\/croquette-chat-fish-rice-greenheart-premiums-15-kg\/","name":"CROQUETTE CHAT FISH &amp; RICE - GREENHEART PREMIUMS 10 kg - Boutique Elevage Bois Blanc Val","isPartOf":{"@id":"https:\/\/elevage-boisblancval.com\/boutique\/#website"},"datePublished":"2019-12-17T09:46:42+00:00","dateModified":"2026-04-21T17:33:36+00:00","breadcrumb":{"@id":"https:\/\/elevage-boisblancval.com\/boutique\/product\/croquette-chat-fish-rice-greenheart-premiums-15-kg\/#breadcrumb"},"inLanguage":"fr-FR","potentialAction":[{"@type":"ReadAction","target":["https:\/\/elevage-boisblancval.com\/boutique\/product\/croquette-chat-fish-rice-greenheart-premiums-15-kg\/"]}]},{"@type":"BreadcrumbList","@id":"https:\/\/elevage-boisblancval.com\/boutique\/product\/croquette-chat-fish-rice-greenheart-premiums-15-kg\/#breadcrumb","itemListElement":[{"@type":"ListItem","position":1,"name":"Accueil","item":"https:\/\/elevage-boisblancval.com\/boutique\/"},{"@type":"ListItem","position":2,"name":"Boutique","item":"https:\/\/elevage-boisblancval.com\/boutique\/shop\/"},{"@type":"ListItem","position":3,"name":"CROQUETTE CHAT FISH &amp; RICE &#8211; GREENHEART PREMIUMS 10 kg"}]},{"@type":"WebSite","@id":"https:\/\/elevage-boisblancval.com\/boutique\/#website","url":"https:\/\/elevage-boisblancval.com\/boutique\/","name":"Boutique Elevage Bois Blanc Val","description":"","potentialAction":[{"@type":"SearchAction","target":{"@type":"EntryPoint","urlTemplate":"https:\/\/elevage-boisblancval.com\/boutique\/?s={search_term_string}"},"query-input":"required name=search_term_string"}],"inLanguage":"fr-FR"}]}},"_links":{"self":[{"href":"https:\/\/elevage-boisblancval.com\/boutique\/wp-json\/wp\/v2\/product\/1769"}],"collection":[{"href":"https:\/\/elevage-boisblancval.com\/boutique\/wp-json\/wp\/v2\/product"}],"about":[{"href":"https:\/\/elevage-boisblancval.com\/boutique\/wp-json\/wp\/v2\/types\/product"}],"replies":[{"embeddable":true,"href":"https:\/\/elevage-boisblancval.com\/boutique\/wp-json\/wp\/v2\/comments?post=1769"}],"wp:featuredmedia":[{"embeddable":true,"href":"https:\/\/elevage-boisblancval.com\/boutique\/wp-json\/wp\/v2\/media\/1770"}],"wp:attachment":[{"href":"https:\/\/elevage-boisblancval.com\/boutique\/wp-json\/wp\/v2\/media?parent=1769"}],"wp:term":[{"taxonomy":"product_cat","embeddable":true,"href":"https:\/\/elevage-boisblancval.com\/boutique\/wp-json\/wp\/v2\/product_cat?post=1769"},{"taxonomy":"product_tag","embeddable":true,"href":"https:\/\/elevage-boisblancval.com\/boutique\/wp-json\/wp\/v2\/product_tag?post=1769"}],"curies":[{"name":"wp","href":"https:\/\/api.w.org\/{rel}","templated":true}]}}