{"id":1031,"date":"2019-03-27T15:24:39","date_gmt":"2019-03-27T15:24:39","guid":{"rendered":"https:\/\/thibautsilva.com\/test\/product\/import-placeholder-for-42\/"},"modified":"2025-10-01T09:42:31","modified_gmt":"2025-10-01T09:42:31","slug":"croquette-chien-anti-allergy-gluten-free-greenheart-premiums","status":"publish","type":"product","link":"https:\/\/elevage-boisblancval.com\/boutique\/product\/croquette-chien-anti-allergy-gluten-free-greenheart-premiums\/","title":{"rendered":"CROQUETTE CHIEN ANTI ALLERGY GLUTEN FREE &#8211; GREENHEART PREMIUMS &#8211; 12kg"},"content":{"rendered":"<p>Ingr\u00e9dients et composition\u00a0:<br \/>\nComposition :\u00a0Agneau 43%, pomme de terre, riz, graisse de poulet et graisse<br \/>\nde b\u0153uf, pois, betteraves, caroubiers, foie de poulet hydrolys\u00e9, levure,<br \/>\npomme, huile de saumon, l\u00e9cithine, min\u00e9raux<br \/>\nDonn\u00e9es analytiques :\u00a0Prot\u00e9ines brutes 24,5%, Lipides brutes 14%,<br \/>\nCelluloses brutes 2,9%, Cendres brutes 6,7%, Calcium (Ca) 1,5%, Phosphore<br \/>\n(P) 0.9%, Sodium (Na) 3,2g\/kg,\u00a0Magn\u00e9sium (Mg) 1,32g\/kg, Potassium (K)<br \/>\n3,9g\/kg, Humidit\u00e9 8%<br \/>\nAdditifs :\u00a0Vit.A 14062IU\/kg,Vit. D3 1406IU\/kg, Vit.E 200mg\/kg, Vit.K3<br \/>\n1,5mg\/kg, Vit.B1 6,7mg\/kg, Vit.B2 10mg\/kg, Niacine 42mg\/kg, Pantoth\u00e9nate<br \/>\nde calcium 18,7mg\/kg, Vit.B6 3,7mg\/kg, Vit.B12 56\u00b5g\/kg, Biotine 375\u00b5g\/kg,<br \/>\nCholine 757 mg\/kg, Acide folique 1,3mg\/kg, Vit.C 106,2mg\/kg, Fer (Fe)<br \/>\n71,25mg\/kg, Mangan\u00e9se (Mn) 26mg\/kg, Cuivre (Cu) 12,5mg\/kg, Zinc (Zn)<br \/>\n125mg\/kg, Iode (I) 1,3mg\/kg, S\u00e9l\u00e9nium (Se) 0,2mg\/kg, L-Carnitine 0 mg\/kg,<br \/>\nHuile de saumon 2,6%, Huile de bourrache 0%<\/p>\n<p>Acides amin\u00e9s essentiels :\u00a0Lysine 15,7g\/kg, M\u00e9thionine 4,8g\/kg, Fenylalanine<br \/>\n11,1g\/kg, Isoleucine 10g\/kg, Cystine 3,2g\/kg, Tr\u00e9onine 10,9g\/kg,<br \/>\nTryptophane 2,6g\/kg, Histidine 4,6g\/kg, Leucine 19,1g\/kg, Valine 13,9g\/kg,<br \/>\nTyrosine 9,4g\/kg, Taurine 0,3g\/kg, Arginine 14,2g\/kg, Acide linol\u00e9ique N6<br \/>\n16,7g\/kg, Acide linol\u00e9nique 2,3g\/kg, Alpha-linol\u00e9nique acid n-3 2,3g\/kg,<br \/>\nGamma-linol\u00e9nique acid n-6 0g\/kg, L\u2019acide ara-chidonique n-6 0,3g\/kg, EPA<br \/>\nn-3 2g\/kg, DHA n-3 2g\/kg, Autres glucides 43,9g\/kg, Fraction de prot\u00e9ine<br \/>\n25,4g\/kg, Valeurs \u00e9nerg\u00e9tiques 3897Kcal\/kg<\/p>\n","protected":false},"excerpt":{"rendered":"<p>Greenheart Premiums Anti-allergy &#8211; Aliment complet pour chien.<br \/>\nCroquettes Anti Allergy adapt\u00e9es pour les chiens de toutes races sensibles aux recettes contenant diverses sources de prot\u00e9ines animales.<br \/>\nRecette sans gluten, riche en agneau et riz, hypoallerg\u00e9nique.<br \/>\nGreenheart Anti Allergy est un produit hypoallerg\u00e9nique sp\u00e9cialement d\u00e9velopp\u00e9 pour les chiens qui ont des r\u00e9actions allergiques \u00e0 la digestion et \/ ou une hypersensibilit\u00e9 aux prot\u00e9ines.<br \/>\nTous les chiens ayant des probl\u00e8mes gastriques ou intestinaux, des probl\u00e8mes de peau ou de fourrure, de la diarrh\u00e9e et d&#8217;autres probl\u00e8mes li\u00e9s aux allergies alimentaires.<br \/>\nLa source de prot\u00e9ines est 100% d&#8217;agneau de haute qualit\u00e9. Cette viande est av\u00e9r\u00e9e b\u00e9n\u00e9fique pour la zone intestinale, la peau et les probl\u00e8mes de fourrure.<br \/>\nAvec le riz comme source de glucides, il rend cette nourriture facile \u00e0 dig\u00e9rer.<br \/>\nCela vous donne la meilleure garantie pour nourrir votre chien lorsqu\u2019il a des allergies li\u00e9es aux prot\u00e9ines ou des probl\u00e8mes digestifs.<\/p>\n<p>Greenheart-Premiums travaille depuis 1997 pour une alimentation animale innovante, abordable et de haute qualit\u00e9, sans adjonction chimique d\u2019ar\u00f4mes ou de colorants, et avec des antioxydants naturels.<\/p>\n<p>Recommandation\u00a0:<br \/>\nConseils d&#8217;utilisation : Servir \u00e0 temp\u00e9rature ambiante. Laisser en permanence un bol d\u2019eau fra\u00eeche \u00e0 disposition. Bien refermer apr\u00e8s l\u2019ouverture. A conserver ferm\u00e9 dans un endroit frais et sec \u00e0 l\u2019abris du soleil.<\/p>\n","protected":false},"featured_media":1276,"comment_status":"closed","ping_status":"closed","template":"","meta":{"_acf_changed":false},"product_cat":[37],"product_tag":[],"acf":[],"yoast_head":"<!-- This site is optimized with the Yoast SEO plugin v21.3 - https:\/\/yoast.com\/wordpress\/plugins\/seo\/ -->\n<title>CROQUETTE CHIEN ANTI ALLERGY GLUTEN FREE - GREENHEART PREMIUMS - 12kg - Boutique Elevage Bois Blanc Val<\/title>\n<meta name=\"robots\" content=\"index, follow, max-snippet:-1, max-image-preview:large, max-video-preview:-1\" \/>\n<link rel=\"canonical\" href=\"https:\/\/elevage-boisblancval.com\/boutique\/product\/croquette-chien-anti-allergy-gluten-free-greenheart-premiums\/\" \/>\n<meta property=\"og:locale\" content=\"fr_FR\" \/>\n<meta property=\"og:type\" content=\"article\" \/>\n<meta property=\"og:title\" content=\"CROQUETTE CHIEN ANTI ALLERGY GLUTEN FREE - GREENHEART PREMIUMS - 12kg - Boutique Elevage Bois Blanc Val\" \/>\n<meta property=\"og:description\" content=\"Greenheart Premiums Anti-allergy - Aliment complet pour chien. Croquettes Anti Allergy adapt\u00e9es pour les chiens de toutes races sensibles aux recettes contenant diverses sources de prot\u00e9ines animales. Recette sans gluten, riche en agneau et riz, hypoallerg\u00e9nique. Greenheart Anti Allergy est un produit hypoallerg\u00e9nique sp\u00e9cialement d\u00e9velopp\u00e9 pour les chiens qui ont des r\u00e9actions allergiques \u00e0 la digestion et \/ ou une hypersensibilit\u00e9 aux prot\u00e9ines. Tous les chiens ayant des probl\u00e8mes gastriques ou intestinaux, des probl\u00e8mes de peau ou de fourrure, de la diarrh\u00e9e et d&#039;autres probl\u00e8mes li\u00e9s aux allergies alimentaires. La source de prot\u00e9ines est 100% d&#039;agneau de haute qualit\u00e9. Cette viande est av\u00e9r\u00e9e b\u00e9n\u00e9fique pour la zone intestinale, la peau et les probl\u00e8mes de fourrure. Avec le riz comme source de glucides, il rend cette nourriture facile \u00e0 dig\u00e9rer. Cela vous donne la meilleure garantie pour nourrir votre chien lorsqu\u2019il a des allergies li\u00e9es aux prot\u00e9ines ou des probl\u00e8mes digestifs.  Greenheart-Premiums travaille depuis 1997 pour une alimentation animale innovante, abordable et de haute qualit\u00e9, sans adjonction chimique d\u2019ar\u00f4mes ou de colorants, et avec des antioxydants naturels.  Recommandation\u00a0: Conseils d&#039;utilisation : Servir \u00e0 temp\u00e9rature ambiante. Laisser en permanence un bol d\u2019eau fra\u00eeche \u00e0 disposition. Bien refermer apr\u00e8s l\u2019ouverture. A conserver ferm\u00e9 dans un endroit frais et sec \u00e0 l\u2019abris du soleil.\" \/>\n<meta property=\"og:url\" content=\"https:\/\/elevage-boisblancval.com\/boutique\/product\/croquette-chien-anti-allergy-gluten-free-greenheart-premiums\/\" \/>\n<meta property=\"og:site_name\" content=\"Boutique Elevage Bois Blanc Val\" \/>\n<meta property=\"article:modified_time\" content=\"2025-10-01T09:42:31+00:00\" \/>\n<meta property=\"og:image\" content=\"https:\/\/elevage-boisblancval.com\/boutique\/wp-content\/uploads\/2019\/04\/anti-allergy-glutenfree-greenheart-premiums-1.jpg\" \/>\n\t<meta property=\"og:image:width\" content=\"750\" \/>\n\t<meta property=\"og:image:height\" content=\"1100\" \/>\n\t<meta property=\"og:image:type\" content=\"image\/jpeg\" \/>\n<meta name=\"twitter:card\" content=\"summary_large_image\" \/>\n<meta name=\"twitter:label1\" content=\"Dur\u00e9e de lecture estim\u00e9e\" \/>\n\t<meta name=\"twitter:data1\" content=\"1 minute\" \/>\n<script type=\"application\/ld+json\" class=\"yoast-schema-graph\">{\"@context\":\"https:\/\/schema.org\",\"@graph\":[{\"@type\":\"WebPage\",\"@id\":\"https:\/\/elevage-boisblancval.com\/boutique\/product\/croquette-chien-anti-allergy-gluten-free-greenheart-premiums\/\",\"url\":\"https:\/\/elevage-boisblancval.com\/boutique\/product\/croquette-chien-anti-allergy-gluten-free-greenheart-premiums\/\",\"name\":\"CROQUETTE CHIEN ANTI ALLERGY GLUTEN FREE - GREENHEART PREMIUMS - 12kg - Boutique Elevage Bois Blanc Val\",\"isPartOf\":{\"@id\":\"https:\/\/elevage-boisblancval.com\/boutique\/#website\"},\"datePublished\":\"2019-03-27T15:24:39+00:00\",\"dateModified\":\"2025-10-01T09:42:31+00:00\",\"breadcrumb\":{\"@id\":\"https:\/\/elevage-boisblancval.com\/boutique\/product\/croquette-chien-anti-allergy-gluten-free-greenheart-premiums\/#breadcrumb\"},\"inLanguage\":\"fr-FR\",\"potentialAction\":[{\"@type\":\"ReadAction\",\"target\":[\"https:\/\/elevage-boisblancval.com\/boutique\/product\/croquette-chien-anti-allergy-gluten-free-greenheart-premiums\/\"]}]},{\"@type\":\"BreadcrumbList\",\"@id\":\"https:\/\/elevage-boisblancval.com\/boutique\/product\/croquette-chien-anti-allergy-gluten-free-greenheart-premiums\/#breadcrumb\",\"itemListElement\":[{\"@type\":\"ListItem\",\"position\":1,\"name\":\"Accueil\",\"item\":\"https:\/\/elevage-boisblancval.com\/boutique\/\"},{\"@type\":\"ListItem\",\"position\":2,\"name\":\"Boutique\",\"item\":\"https:\/\/elevage-boisblancval.com\/boutique\/shop\/\"},{\"@type\":\"ListItem\",\"position\":3,\"name\":\"CROQUETTE CHIEN ANTI ALLERGY GLUTEN FREE &#8211; GREENHEART PREMIUMS &#8211; 12kg\"}]},{\"@type\":\"WebSite\",\"@id\":\"https:\/\/elevage-boisblancval.com\/boutique\/#website\",\"url\":\"https:\/\/elevage-boisblancval.com\/boutique\/\",\"name\":\"Boutique Elevage Bois Blanc Val\",\"description\":\"\",\"potentialAction\":[{\"@type\":\"SearchAction\",\"target\":{\"@type\":\"EntryPoint\",\"urlTemplate\":\"https:\/\/elevage-boisblancval.com\/boutique\/?s={search_term_string}\"},\"query-input\":\"required name=search_term_string\"}],\"inLanguage\":\"fr-FR\"}]}<\/script>\n<!-- \/ Yoast SEO plugin. -->","yoast_head_json":{"title":"CROQUETTE CHIEN ANTI ALLERGY GLUTEN FREE - GREENHEART PREMIUMS - 12kg - Boutique Elevage Bois Blanc Val","robots":{"index":"index","follow":"follow","max-snippet":"max-snippet:-1","max-image-preview":"max-image-preview:large","max-video-preview":"max-video-preview:-1"},"canonical":"https:\/\/elevage-boisblancval.com\/boutique\/product\/croquette-chien-anti-allergy-gluten-free-greenheart-premiums\/","og_locale":"fr_FR","og_type":"article","og_title":"CROQUETTE CHIEN ANTI ALLERGY GLUTEN FREE - GREENHEART PREMIUMS - 12kg - Boutique Elevage Bois Blanc Val","og_description":"Greenheart Premiums Anti-allergy - Aliment complet pour chien. Croquettes Anti Allergy adapt\u00e9es pour les chiens de toutes races sensibles aux recettes contenant diverses sources de prot\u00e9ines animales. Recette sans gluten, riche en agneau et riz, hypoallerg\u00e9nique. Greenheart Anti Allergy est un produit hypoallerg\u00e9nique sp\u00e9cialement d\u00e9velopp\u00e9 pour les chiens qui ont des r\u00e9actions allergiques \u00e0 la digestion et \/ ou une hypersensibilit\u00e9 aux prot\u00e9ines. Tous les chiens ayant des probl\u00e8mes gastriques ou intestinaux, des probl\u00e8mes de peau ou de fourrure, de la diarrh\u00e9e et d'autres probl\u00e8mes li\u00e9s aux allergies alimentaires. La source de prot\u00e9ines est 100% d'agneau de haute qualit\u00e9. Cette viande est av\u00e9r\u00e9e b\u00e9n\u00e9fique pour la zone intestinale, la peau et les probl\u00e8mes de fourrure. Avec le riz comme source de glucides, il rend cette nourriture facile \u00e0 dig\u00e9rer. Cela vous donne la meilleure garantie pour nourrir votre chien lorsqu\u2019il a des allergies li\u00e9es aux prot\u00e9ines ou des probl\u00e8mes digestifs.  Greenheart-Premiums travaille depuis 1997 pour une alimentation animale innovante, abordable et de haute qualit\u00e9, sans adjonction chimique d\u2019ar\u00f4mes ou de colorants, et avec des antioxydants naturels.  Recommandation\u00a0: Conseils d'utilisation : Servir \u00e0 temp\u00e9rature ambiante. Laisser en permanence un bol d\u2019eau fra\u00eeche \u00e0 disposition. Bien refermer apr\u00e8s l\u2019ouverture. A conserver ferm\u00e9 dans un endroit frais et sec \u00e0 l\u2019abris du soleil.","og_url":"https:\/\/elevage-boisblancval.com\/boutique\/product\/croquette-chien-anti-allergy-gluten-free-greenheart-premiums\/","og_site_name":"Boutique Elevage Bois Blanc Val","article_modified_time":"2025-10-01T09:42:31+00:00","og_image":[{"width":750,"height":1100,"url":"https:\/\/elevage-boisblancval.com\/boutique\/wp-content\/uploads\/2019\/04\/anti-allergy-glutenfree-greenheart-premiums-1.jpg","type":"image\/jpeg"}],"twitter_card":"summary_large_image","twitter_misc":{"Dur\u00e9e de lecture estim\u00e9e":"1 minute"},"schema":{"@context":"https:\/\/schema.org","@graph":[{"@type":"WebPage","@id":"https:\/\/elevage-boisblancval.com\/boutique\/product\/croquette-chien-anti-allergy-gluten-free-greenheart-premiums\/","url":"https:\/\/elevage-boisblancval.com\/boutique\/product\/croquette-chien-anti-allergy-gluten-free-greenheart-premiums\/","name":"CROQUETTE CHIEN ANTI ALLERGY GLUTEN FREE - GREENHEART PREMIUMS - 12kg - Boutique Elevage Bois Blanc Val","isPartOf":{"@id":"https:\/\/elevage-boisblancval.com\/boutique\/#website"},"datePublished":"2019-03-27T15:24:39+00:00","dateModified":"2025-10-01T09:42:31+00:00","breadcrumb":{"@id":"https:\/\/elevage-boisblancval.com\/boutique\/product\/croquette-chien-anti-allergy-gluten-free-greenheart-premiums\/#breadcrumb"},"inLanguage":"fr-FR","potentialAction":[{"@type":"ReadAction","target":["https:\/\/elevage-boisblancval.com\/boutique\/product\/croquette-chien-anti-allergy-gluten-free-greenheart-premiums\/"]}]},{"@type":"BreadcrumbList","@id":"https:\/\/elevage-boisblancval.com\/boutique\/product\/croquette-chien-anti-allergy-gluten-free-greenheart-premiums\/#breadcrumb","itemListElement":[{"@type":"ListItem","position":1,"name":"Accueil","item":"https:\/\/elevage-boisblancval.com\/boutique\/"},{"@type":"ListItem","position":2,"name":"Boutique","item":"https:\/\/elevage-boisblancval.com\/boutique\/shop\/"},{"@type":"ListItem","position":3,"name":"CROQUETTE CHIEN ANTI ALLERGY GLUTEN FREE &#8211; GREENHEART PREMIUMS &#8211; 12kg"}]},{"@type":"WebSite","@id":"https:\/\/elevage-boisblancval.com\/boutique\/#website","url":"https:\/\/elevage-boisblancval.com\/boutique\/","name":"Boutique Elevage Bois Blanc Val","description":"","potentialAction":[{"@type":"SearchAction","target":{"@type":"EntryPoint","urlTemplate":"https:\/\/elevage-boisblancval.com\/boutique\/?s={search_term_string}"},"query-input":"required name=search_term_string"}],"inLanguage":"fr-FR"}]}},"_links":{"self":[{"href":"https:\/\/elevage-boisblancval.com\/boutique\/wp-json\/wp\/v2\/product\/1031"}],"collection":[{"href":"https:\/\/elevage-boisblancval.com\/boutique\/wp-json\/wp\/v2\/product"}],"about":[{"href":"https:\/\/elevage-boisblancval.com\/boutique\/wp-json\/wp\/v2\/types\/product"}],"replies":[{"embeddable":true,"href":"https:\/\/elevage-boisblancval.com\/boutique\/wp-json\/wp\/v2\/comments?post=1031"}],"wp:featuredmedia":[{"embeddable":true,"href":"https:\/\/elevage-boisblancval.com\/boutique\/wp-json\/wp\/v2\/media\/1276"}],"wp:attachment":[{"href":"https:\/\/elevage-boisblancval.com\/boutique\/wp-json\/wp\/v2\/media?parent=1031"}],"wp:term":[{"taxonomy":"product_cat","embeddable":true,"href":"https:\/\/elevage-boisblancval.com\/boutique\/wp-json\/wp\/v2\/product_cat?post=1031"},{"taxonomy":"product_tag","embeddable":true,"href":"https:\/\/elevage-boisblancval.com\/boutique\/wp-json\/wp\/v2\/product_tag?post=1031"}],"curies":[{"name":"wp","href":"https:\/\/api.w.org\/{rel}","templated":true}]}}