{"id":1017,"date":"2019-03-27T15:24:37","date_gmt":"2019-03-27T15:24:37","guid":{"rendered":"https:\/\/thibautsilva.com\/test\/product\/import-placeholder-for-11\/"},"modified":"2026-04-21T17:35:18","modified_gmt":"2026-04-21T17:35:18","slug":"friandises-chien-au-poulet-greenheart-premiums","status":"publish","type":"product","link":"https:\/\/elevage-boisblancval.com\/boutique\/product\/friandises-chien-au-poulet-greenheart-premiums\/","title":{"rendered":"FRIANDISES CHIEN AU POULET &#8211; GREENHEART PREMIUMS"},"content":{"rendered":"<p>Analyse nutritionnelle :\u00a0Glucides 43,97 % ;<br \/>\nProt\u00e9ines 16,33 % ;\u00a0Graisses 10,14%;\u00a0Cendres<br \/>\n3,35 % ;\u00a0Fibres 1,50 %.<br \/>\nValeur nutritionnelle :\u00a0332 Kcal \/100 gr<\/p>\n","protected":false},"excerpt":{"rendered":"<p>Aliment compl\u00e9mentaire\u00a0pour chien.<br \/>\nD\u00e9licieuses friandises, en forme de mini rouleaux, au poulet 100% biologique pour les chiens quelque soit leur \u00e2ge.<\/p>\n<p>Depuis 1997 Greenheart Premiums propose une alimentation de qualit\u00e9 saine et naturelle pour les chiens et les chats sans colorants, sans ar\u00f4mes artificiels et avec des antioxydants naturels.<br \/>\nLes poulets utilis\u00e9s pour les friandises vivent dans un environnement paisible, sans stress et sont nourris sans antibiotiques ni acc\u00e9l\u00e9rateurs de croissance pour garantir une viande saine et go\u00fbteuse.<\/p>\n<p>Composition : C\u00e9r\u00e9ales, ma\u00efs, farine de lupin, pomme de terre, poulet 10%, huile, m\u00e9lasse, romarin, vitamine E<\/p>\n<p>Disponible en conditionnement de 1kg.<br \/>\n1kg = 15\u20ac<\/p>\n<p>&nbsp;<\/p>\n","protected":false},"featured_media":1033,"comment_status":"closed","ping_status":"closed","template":"","meta":{"_acf_changed":false},"product_cat":[36],"product_tag":[],"acf":[],"yoast_head":"<!-- This site is optimized with the Yoast SEO plugin v21.3 - https:\/\/yoast.com\/wordpress\/plugins\/seo\/ -->\n<title>FRIANDISES CHIEN AU POULET - GREENHEART PREMIUMS - Boutique Elevage Bois Blanc Val<\/title>\n<meta name=\"robots\" content=\"index, follow, max-snippet:-1, max-image-preview:large, max-video-preview:-1\" \/>\n<link rel=\"canonical\" href=\"https:\/\/elevage-boisblancval.com\/boutique\/product\/friandises-chien-au-poulet-greenheart-premiums\/\" \/>\n<meta property=\"og:locale\" content=\"fr_FR\" \/>\n<meta property=\"og:type\" content=\"article\" \/>\n<meta property=\"og:title\" content=\"FRIANDISES CHIEN AU POULET - GREENHEART PREMIUMS - Boutique Elevage Bois Blanc Val\" \/>\n<meta property=\"og:description\" content=\"Aliment compl\u00e9mentaire\u00a0pour chien. D\u00e9licieuses friandises, en forme de mini rouleaux, au poulet 100% biologique pour les chiens quelque soit leur \u00e2ge.  Depuis 1997 Greenheart Premiums propose une alimentation de qualit\u00e9 saine et naturelle pour les chiens et les chats sans colorants, sans ar\u00f4mes artificiels et avec des antioxydants naturels. Les poulets utilis\u00e9s pour les friandises vivent dans un environnement paisible, sans stress et sont nourris sans antibiotiques ni acc\u00e9l\u00e9rateurs de croissance pour garantir une viande saine et go\u00fbteuse.  Composition : C\u00e9r\u00e9ales, ma\u00efs, farine de lupin, pomme de terre, poulet 10%, huile, m\u00e9lasse, romarin, vitamine E  Disponible en conditionnement de 1kg. 1kg = 15\u20ac  &nbsp;\" \/>\n<meta property=\"og:url\" content=\"https:\/\/elevage-boisblancval.com\/boutique\/product\/friandises-chien-au-poulet-greenheart-premiums\/\" \/>\n<meta property=\"og:site_name\" content=\"Boutique Elevage Bois Blanc Val\" \/>\n<meta property=\"article:modified_time\" content=\"2026-04-21T17:35:18+00:00\" \/>\n<meta property=\"og:image\" content=\"https:\/\/elevage-boisblancval.com\/boutique\/wp-content\/uploads\/2019\/03\/friandises-di\u00e9t\u00e9tiques-au-poulet-greenheart-premiums-1.jpg\" \/>\n\t<meta property=\"og:image:width\" content=\"750\" \/>\n\t<meta property=\"og:image:height\" content=\"1100\" \/>\n\t<meta property=\"og:image:type\" content=\"image\/jpeg\" \/>\n<meta name=\"twitter:card\" content=\"summary_large_image\" \/>\n<meta name=\"twitter:label1\" content=\"Dur\u00e9e de lecture estim\u00e9e\" \/>\n\t<meta name=\"twitter:data1\" content=\"1 minute\" \/>\n<script type=\"application\/ld+json\" class=\"yoast-schema-graph\">{\"@context\":\"https:\/\/schema.org\",\"@graph\":[{\"@type\":\"WebPage\",\"@id\":\"https:\/\/elevage-boisblancval.com\/boutique\/product\/friandises-chien-au-poulet-greenheart-premiums\/\",\"url\":\"https:\/\/elevage-boisblancval.com\/boutique\/product\/friandises-chien-au-poulet-greenheart-premiums\/\",\"name\":\"FRIANDISES CHIEN AU POULET - GREENHEART PREMIUMS - Boutique Elevage Bois Blanc Val\",\"isPartOf\":{\"@id\":\"https:\/\/elevage-boisblancval.com\/boutique\/#website\"},\"datePublished\":\"2019-03-27T15:24:37+00:00\",\"dateModified\":\"2026-04-21T17:35:18+00:00\",\"breadcrumb\":{\"@id\":\"https:\/\/elevage-boisblancval.com\/boutique\/product\/friandises-chien-au-poulet-greenheart-premiums\/#breadcrumb\"},\"inLanguage\":\"fr-FR\",\"potentialAction\":[{\"@type\":\"ReadAction\",\"target\":[\"https:\/\/elevage-boisblancval.com\/boutique\/product\/friandises-chien-au-poulet-greenheart-premiums\/\"]}]},{\"@type\":\"BreadcrumbList\",\"@id\":\"https:\/\/elevage-boisblancval.com\/boutique\/product\/friandises-chien-au-poulet-greenheart-premiums\/#breadcrumb\",\"itemListElement\":[{\"@type\":\"ListItem\",\"position\":1,\"name\":\"Accueil\",\"item\":\"https:\/\/elevage-boisblancval.com\/boutique\/\"},{\"@type\":\"ListItem\",\"position\":2,\"name\":\"Boutique\",\"item\":\"https:\/\/elevage-boisblancval.com\/boutique\/shop\/\"},{\"@type\":\"ListItem\",\"position\":3,\"name\":\"FRIANDISES CHIEN AU POULET &#8211; GREENHEART PREMIUMS\"}]},{\"@type\":\"WebSite\",\"@id\":\"https:\/\/elevage-boisblancval.com\/boutique\/#website\",\"url\":\"https:\/\/elevage-boisblancval.com\/boutique\/\",\"name\":\"Boutique Elevage Bois Blanc Val\",\"description\":\"\",\"potentialAction\":[{\"@type\":\"SearchAction\",\"target\":{\"@type\":\"EntryPoint\",\"urlTemplate\":\"https:\/\/elevage-boisblancval.com\/boutique\/?s={search_term_string}\"},\"query-input\":\"required name=search_term_string\"}],\"inLanguage\":\"fr-FR\"}]}<\/script>\n<!-- \/ Yoast SEO plugin. -->","yoast_head_json":{"title":"FRIANDISES CHIEN AU POULET - GREENHEART PREMIUMS - Boutique Elevage Bois Blanc Val","robots":{"index":"index","follow":"follow","max-snippet":"max-snippet:-1","max-image-preview":"max-image-preview:large","max-video-preview":"max-video-preview:-1"},"canonical":"https:\/\/elevage-boisblancval.com\/boutique\/product\/friandises-chien-au-poulet-greenheart-premiums\/","og_locale":"fr_FR","og_type":"article","og_title":"FRIANDISES CHIEN AU POULET - GREENHEART PREMIUMS - Boutique Elevage Bois Blanc Val","og_description":"Aliment compl\u00e9mentaire\u00a0pour chien. D\u00e9licieuses friandises, en forme de mini rouleaux, au poulet 100% biologique pour les chiens quelque soit leur \u00e2ge.  Depuis 1997 Greenheart Premiums propose une alimentation de qualit\u00e9 saine et naturelle pour les chiens et les chats sans colorants, sans ar\u00f4mes artificiels et avec des antioxydants naturels. Les poulets utilis\u00e9s pour les friandises vivent dans un environnement paisible, sans stress et sont nourris sans antibiotiques ni acc\u00e9l\u00e9rateurs de croissance pour garantir une viande saine et go\u00fbteuse.  Composition : C\u00e9r\u00e9ales, ma\u00efs, farine de lupin, pomme de terre, poulet 10%, huile, m\u00e9lasse, romarin, vitamine E  Disponible en conditionnement de 1kg. 1kg = 15\u20ac  &nbsp;","og_url":"https:\/\/elevage-boisblancval.com\/boutique\/product\/friandises-chien-au-poulet-greenheart-premiums\/","og_site_name":"Boutique Elevage Bois Blanc Val","article_modified_time":"2026-04-21T17:35:18+00:00","og_image":[{"width":750,"height":1100,"url":"https:\/\/elevage-boisblancval.com\/boutique\/wp-content\/uploads\/2019\/03\/friandises-di\u00e9t\u00e9tiques-au-poulet-greenheart-premiums-1.jpg","type":"image\/jpeg"}],"twitter_card":"summary_large_image","twitter_misc":{"Dur\u00e9e de lecture estim\u00e9e":"1 minute"},"schema":{"@context":"https:\/\/schema.org","@graph":[{"@type":"WebPage","@id":"https:\/\/elevage-boisblancval.com\/boutique\/product\/friandises-chien-au-poulet-greenheart-premiums\/","url":"https:\/\/elevage-boisblancval.com\/boutique\/product\/friandises-chien-au-poulet-greenheart-premiums\/","name":"FRIANDISES CHIEN AU POULET - GREENHEART PREMIUMS - Boutique Elevage Bois Blanc Val","isPartOf":{"@id":"https:\/\/elevage-boisblancval.com\/boutique\/#website"},"datePublished":"2019-03-27T15:24:37+00:00","dateModified":"2026-04-21T17:35:18+00:00","breadcrumb":{"@id":"https:\/\/elevage-boisblancval.com\/boutique\/product\/friandises-chien-au-poulet-greenheart-premiums\/#breadcrumb"},"inLanguage":"fr-FR","potentialAction":[{"@type":"ReadAction","target":["https:\/\/elevage-boisblancval.com\/boutique\/product\/friandises-chien-au-poulet-greenheart-premiums\/"]}]},{"@type":"BreadcrumbList","@id":"https:\/\/elevage-boisblancval.com\/boutique\/product\/friandises-chien-au-poulet-greenheart-premiums\/#breadcrumb","itemListElement":[{"@type":"ListItem","position":1,"name":"Accueil","item":"https:\/\/elevage-boisblancval.com\/boutique\/"},{"@type":"ListItem","position":2,"name":"Boutique","item":"https:\/\/elevage-boisblancval.com\/boutique\/shop\/"},{"@type":"ListItem","position":3,"name":"FRIANDISES CHIEN AU POULET &#8211; GREENHEART PREMIUMS"}]},{"@type":"WebSite","@id":"https:\/\/elevage-boisblancval.com\/boutique\/#website","url":"https:\/\/elevage-boisblancval.com\/boutique\/","name":"Boutique Elevage Bois Blanc Val","description":"","potentialAction":[{"@type":"SearchAction","target":{"@type":"EntryPoint","urlTemplate":"https:\/\/elevage-boisblancval.com\/boutique\/?s={search_term_string}"},"query-input":"required name=search_term_string"}],"inLanguage":"fr-FR"}]}},"_links":{"self":[{"href":"https:\/\/elevage-boisblancval.com\/boutique\/wp-json\/wp\/v2\/product\/1017"}],"collection":[{"href":"https:\/\/elevage-boisblancval.com\/boutique\/wp-json\/wp\/v2\/product"}],"about":[{"href":"https:\/\/elevage-boisblancval.com\/boutique\/wp-json\/wp\/v2\/types\/product"}],"replies":[{"embeddable":true,"href":"https:\/\/elevage-boisblancval.com\/boutique\/wp-json\/wp\/v2\/comments?post=1017"}],"wp:featuredmedia":[{"embeddable":true,"href":"https:\/\/elevage-boisblancval.com\/boutique\/wp-json\/wp\/v2\/media\/1033"}],"wp:attachment":[{"href":"https:\/\/elevage-boisblancval.com\/boutique\/wp-json\/wp\/v2\/media?parent=1017"}],"wp:term":[{"taxonomy":"product_cat","embeddable":true,"href":"https:\/\/elevage-boisblancval.com\/boutique\/wp-json\/wp\/v2\/product_cat?post=1017"},{"taxonomy":"product_tag","embeddable":true,"href":"https:\/\/elevage-boisblancval.com\/boutique\/wp-json\/wp\/v2\/product_tag?post=1017"}],"curies":[{"name":"wp","href":"https:\/\/api.w.org\/{rel}","templated":true}]}}